ppose -4*c + d = -0*d - 15, -b*d + 6 = 4*c. What are the prime factors of 1*c/(-6)*-8?
2
Suppose 5*o = c - 95, 6 - 163 = -2*c - o. What are the prime factors of c?
2, 5
Let x(m) = 0*m + 222 - 227 + 2*m. Let c(u) = u**3 + 6*u**2 - 2*u - 8. Let o be c(-6). List the prime factors of x(o).
3
Suppose 3*r - 17 = -5. Suppose 7*g - 4*g - 59 = -2*v, -r*g = 4. List the prime factors of v.
31
Let u(b) = b**3 - b**2 - 2*b + 1. Let f be u(3). Suppose 5*n = 32 + f. What are the prime factors of n?
3
Suppose -4*c + 19 + 11 = -r, 0 = 5*r - 5*c + 75. Let m be (2/4 + -1)*r. Suppose 2*v + 2 = -5*b - 7, 0 = -3*v + m*b + 49. List the prime factors of v.
2
Let i(t) = 3*t. Let j(x) = x**3 - 5*x**2 + 5*x + 2. Let c be j(4). Let z be i(c). Suppose -z = 5*w - 118. List the prime factors of w.
2, 5
Let a(z) = -14*z + 70. What are the prime factors of a(-6)?
2, 7, 11
Let f(m) be the third derivative of -m**4/8 - m**3/3 - m**2. List the prime factors of f(-3).
7
Suppose -2*v - 17 = 4*l - 185, -453 = -5*v + l. What are the prime factors of v?
2, 3, 5
Let g(o) = -8*o - 5. Let q(f) = -20*f - 12. Let b(v) = -12*g(v) + 5*q(v). Let i be b(-5). Let h = i + -9. What are the prime factors of h?
11
Suppose 139 + 276 = 5*p. What are the prime factors of p?
83
Suppose 4*a - 5*w + 11 = 0, 3*w = -0*w - 3. Let d be (-12 + -2)/(a/2). List the prime factors of d + ((-4)/(-1))/2.
3
Let p(j) be the second derivative of j**4/4 + j**3/3 + 3*j**2/2 - 9*j. What are the prime factors of p(-3)?
2, 3
Suppose 4*v = -0*v + 8. Let c be (1 + 0/v)*-1. Let x = c - -4. List the prime factors of x.
3
Let f(v) = -v**2 + 15*v - 12. Let c be f(14). List the prime factors of 30 - c - (1 - 0).
3
Let w be (-28)/6 - (-2)/3. Let b = 9 - w. List the prime factors of b.
13
Suppose -17 = 4*z - 105. What are the prime factors of z?
2, 11
Let q = 5 - 1. Suppose -10 - 10 = -q*p. List the prime factors of (4 - p)/(1/(-11)).
11
Suppose -7*s + 15 = -2*s. Let a = 3 - s. Suppose -y + 3*x - 2 = a, 0 = 4*y + 3*x - 43 + 6. What are the prime factors of y?
7
Let q be (-83)/(-4) + 1/4. Suppose -3*j - 2*i + 7*i + 33 = 0, 5*j + 3*i = q. What are the prime factors of j?
2, 3
Let k = -78 + 185. List the prime factors of k.
107
Let a(s) = -11*s**3 - s - 1. List the prime factors of a(-1).
11
Suppose 3*m + 4 = 13. Suppose -m*o = 4*f - 43, 5*o + 3*f - 62 = 6*f. List the prime factors of o.
13
Let f(k) = k**2 - 6*k - 4. Let h be f(7). Suppose 7 = -5*n - h. Let t = n + 9. List the prime factors of t.
7
Let z = 148 + 167. What are the prime factors of z?
3, 5, 7
Let m(v) = v**2 + 2*v + 18. List the prime factors of m(9).
3, 13
Suppose -2*c = -0*c - 4. Suppose -c*w = -51 + 7. List the prime factors of w.
2, 11
Let i = 86 + 0. Suppose 3*m - 23 = -a + 27, -a - i = -5*m. What are the prime factors of m?
17
Suppose -45*a = -42*a - 30. What are the prime factors of a?
2, 5
Suppose -4*q = -3*g + 37, -2*g - 3*q = -3*g + 19. Let p = g + 5. What are the prime factors of p?
2, 3
Suppose -4*a + 367 = -61. What are the prime factors of a?
107
Suppose 0*v - 5*v - 346 = -o, 2*o - 720 = -4*v. What are the prime factors of o?
2, 89
Suppose 3*l - 56 = l. Suppose -r - r + 34 = 4*k, 0 = -3*k + r + l. What are the prime factors of k?
3
Suppose 6*r - 686 = -r. List the prime factors of r.
2, 7
Let d = -33 + 22. Let o = -7 - d. Suppose -20 = -4*f + 2*j - j, 36 = o*f - 5*j. What are the prime factors of f?
2
Suppose -2*v - 3*p = -v + 12, 0 = 4*v - 5*p - 3. Suppose -4*g + 0 - 5 = m, 0 = m + 2*g + 9. Let b = v - m. What are the prime factors of b?
2, 5
Let j(s) = -9*s - 4. What are the prime factors of j(-6)?
2, 5
Let n(g) = g - 5. Let b be n(-4). What are the prime factors of (-110)/b - 4/18?
2, 3
Suppose 3*d = -d. Suppose o - 71 = 4*m, o + o + 3*m - 109 = d. Suppose 3*i = 5*r - o, -3*r = 4*i - 14 - 4. List the prime factors of r.
2, 5
Suppose 0 = -y - 5*v - 4 + 59, 2*y + 5*v = 85. Let l be (9/(-6))/((-3)/4). Suppose l*c + 12 = y. What are the prime factors of c?
3
Suppose 15 = -0*f + 3*f. Suppose 0 = -3*l + 5*u - 10, 4*l + 5*u - 14 = -4. Suppose l*v + v = f. What are the prime factors of v?
5
Suppose 146 - 41 = 5*v. List the prime factors of v.
3, 7
Suppose -3*d + 75 = -0*d. List the prime factors of d.
5
Suppose s + 8 = r, -5*r = -3*r + 6. Let t(u) = -3*u**3 - u**2 + u + 1. Let k be t(-1). List the prime factors of k*(1 + s/(-2)).
13
Suppose 2*w - 6 = -0*w. Suppose -w*k - 2 = -2*k, p = -5*k - 17. Let n(q) = -q**2 - 10*q - 9. List the prime factors of n(p).
2, 3
Let y = 386 - 215. What are the prime factors of y?
3, 19
Let f(r) = 6*r + 21. Let d(t) = -t - 3. Let p(w) = 27*d(w) + 4*f(w). What are the prime factors of p(-4)?
3, 5
Let q(g) = -2*g**3 + 20*g**2 + 2*g. What are the prime factors of q(9)?
2, 3, 5
Suppose -2*s - 20 = -5*f - 3*s, 0 = -4*s. Suppose a = -a + f. Suppose -3*n = a*n - 20. What are the prime factors of n?
2
Suppose -c = -5*c. Let a = 1 + c. What are the prime factors of (-2 - (1 - 8))*a?
5
Let q = -4 + 7. Suppose -2*w + q*w - 2 = 0. What are the prime factors of (-2)/(48/27 - w)?
3
Let v be (18/15)/((-3)/(-10)). Suppose 0 = -2*p + j - 6*j - 10, -v*j - 36 = -4*p. List the prime factors of 2/p - (-90)/25.
2
Let s(f) = f + 2. Let g be s(-2). Let z(l) = -l**3 + 25. What are the prime factors of z(g)?
5
Let f be (1/3)/(1/27). Suppose -l = 3*a - f - 47, a - 22 = 3*l. Let t = a + -13. List the prime factors of t.
2, 3
Let m = 139 + -99. What are the prime factors of m/7 + (-4)/(-14)?
2, 3
Let r = 19 - 9. Suppose -3*g + 8*g - r = 0. What are the prime factors of g?
2
Let c be (-1*9)/(15/(-110)). Suppose 0 = g - 3*g + c. What are the prime factors of g?
3, 11
Let b(j) = -11*j - 20. What are the prime factors of b(-9)?
79
Suppose 0 = 3*n - n - 8. Suppose -u = -3*k - 0 + 1, k + n = 0. List the prime factors of u/(-3) - 6/18.
2
Let r(s) = 2*s**3 - 4*s + 3. Let q be -2 + (0 - 2*-1). Let y = 2 + q. List the prime factors of r(y).
11
Let d(s) = s - 2. Let z be d(4). Suppose 2*c = -5*t - 3*c + 45, z*t + c = 13. List the prime factors of t.
2
Suppose 9*q = 4*q + 240. What are the prime factors of q?
2, 3
List the prime factors of (-6)/(15/20 - 57/68).
2, 17
Let z be 39/((-2)/8 - -1). Suppose 4*c - 46 = 2*h, 0*h = 4*c - 4*h - z. Let f = c + 4. List the prime factors of f.
2, 7
Let w be 0 - -1 - (-2)/2. Let y = w - 2. Suppose 3*i - 12 - 12 = y. List the prime factors of i.
2
Suppose 5*i = -5*w + 267 - 17, 244 = 5*w + 2*i. List the prime factors of w.
2, 3
Suppose 3*l = 7*l, 3*d + 5*l - 171 = 0. Suppose -2*z - k - 2*k = -33, d = 3*z + 2*k. List the prime factors of z.
3, 7
Suppose x = 3*z - 2*z + 4, 0 = -z - 1. Suppose 2*n - 94 = -3*r, r - n = -x*n + 34. What are the prime factors of r?
2, 3, 5
Let c(p) = -8*p - 2. Let d be c(-5). Suppose 43 = 3*f - k, 3*f - 5*k + d = 97. List the prime factors of f.
13
Let d be 12/(2 - 1)*10. Suppose 4*m - d = -2*k, 5*k = 4*m + m + 360. Suppose -3*o + 7*o - k = 0. What are the prime factors of o?
17
List the prime factors of (38 - -2)*(2 + (3 - 3)).
2, 5
What are the prime factors of 3 + 65/(-25) + (-543)/(-5)?
109
Suppose 0*d - h + 295 = 5*d, -5*d + 2*h + 280 = 0. Let o = -39 + d. What are the prime factors of o?
19
Suppose 2*h - 40 = -0*h. What are the prime factors of h?
2, 5
Let j = 10 + 12. List the prime factors of j.
2, 11
Let a(q) = 2 + 4*q**2 + 6*q - q - 11 - 3*q**2. Let t be a(-7). Suppose 1 + t = 2*p. What are the prime factors of p?
3
Let h(g) = -2*g + 14. Let a be h(6). Suppose 6*c + n = c + 87, 3*n = a*c - 45. What are the prime factors of c?
2, 3
Suppose -g = 3*u - 12, g + 3*u = 4*g. What are the prime factors of (-3 + 7 - g) + 8?
3
Let k(t) be the second derivative of -t**4/12 - 4*t**3/3 - t**2/2 + 3*t. Let y be k(-8). List the prime factors of 1*1*(-17)/y.
17
List the prime factors of (-3 - -1)*3856/(-32).
241
Suppose -2*o = -4*g - 56, -3*o + 5*g = -0 - 85. List the prime factors of o.
2, 3, 5
Suppose -167 = -3*w + 28. List the prime factors of w.
5, 13
List the prime factors of 184/13 - 6/39.
2, 7
Let f = 157 - 15. What are the prime factors of f?
2, 71
Suppose -6*g + g + 20 = 0, 0 = 2*c - 5*g + 16. Suppose -2*o + 2*a - 14 = -36, -c*o = -4*a - 14. What are the prime factors of o?
3, 5
Let r(l) = -2*l**2 + 4*l + 1. Let g be r(3). Let o = 4 + 4. List the prime factors of (-3)/(15/o)*g.
2
Suppose 0 = 2*g + 2*